{"id":8906,"date":"2023-04-27T14:30:32","date_gmt":"2023-04-27T14:30:32","guid":{"rendered":"https:\/\/moverdb.com\/?page_id=8906"},"modified":"2026-01-08T15:24:24","modified_gmt":"2026-01-08T15:24:24","slug":"moving-companies-paraguay","status":"publish","type":"page","link":"https:\/\/moverdb.com\/hu\/moving-companies\/moving-companies-paraguay\/","title":{"rendered":"3 legjobb nemzetk\u00f6zi k\u00f6lt\u00f6ztet\u0151 c\u00e9gek Paraguayban"},"content":{"rendered":"<p>Paraguayban, Paraguayba vagy Paraguayb\u00f3l tervez k\u00f6lt\u00f6z\u00e9st? Ha seg\u00edts\u00e9gre van sz\u00fcks\u00e9ge a csomagol\u00e1sban \u00e9s a k\u00f6lt\u00f6z\u00e9s megszervez\u00e9s\u00e9ben, k\u00fcl\u00f6n\u00f6sen, ha orsz\u00e1got v\u00e1lt, \u00e9s import\/export pap\u00edrokat kell kit\u00f6ltenie. Az al\u00e1bbiakban \u00f6ssze\u00e1ll\u00edtottunk egy list\u00e1t a paraguayi sz\u00e9khely\u0171 <a href=\"https:\/\/moverdb.com\/hu\/international-removals\/\" data-internallinksmanager029f6b8e52c=\"27\" title=\"36 legjobb nemzetk\u00f6zi k\u00f6lt\u00f6ztet\u0151 c\u00e9gek az Egyes\u00fclt Kir\u00e1lys\u00e1gban\">k\u00f6lt\u00f6ztet\u0151 c\u00e9gek<\/a> amelyek tagjai a <a href=\"https:\/\/moverdb.com\/hu\/iam\/\" data-internallinksmanager029f6b8e52c=\"23\" title=\"A K\u00f6lt\u00f6ztet\u0151k Nemzetk\u00f6zi Sz\u00f6vets\u00e9ge (IAM) magyar\u00e1zata\">K\u00f6lt\u00f6ztet\u0151k Nemzetk\u00f6zi Sz\u00f6vets\u00e9ge<\/a> (IAM) \u00e9s\/vagy <a href=\"https:\/\/moverdb.com\/hu\/fidi-faim\/\" data-internallinksmanager029f6b8e52c=\"16\" title=\"FIDI &amp; FAIM (FIDI akkredit\u00e1lt nemzetk\u00f6zi fuvaroz\u00f3) magyar\u00e1zata\">FIDI<\/a> Akkredit\u00e1lt nemzetk\u00f6zi k\u00f6lt\u00f6ztet\u0151 (FAIM), aki seg\u00edthet \u00d6nnek a k\u00f6lt\u00f6z\u00e9sben.<\/p>\n<h2><strong>1. Servimex<\/strong><\/h2>\n<p><img loading=\"lazy\" decoding=\"async\" class=\"alignnone size-full wp-image-8856\" src=\"https:\/\/moverdb.com\/wp-content\/uploads\/Servimex-international-moving-company.png\" alt=\"Servimex nemzetk\u00f6zi k\u00f6lt\u00f6ztet\u0151 c\u00e9g\" width=\"1440\" height=\"674\" data-wp-pid=\"8856\" srcset=\"https:\/\/moverdb.com\/wp-content\/uploads\/Servimex-international-moving-company.png 1440w, https:\/\/moverdb.com\/wp-content\/uploads\/Servimex-international-moving-company-300x140.png 300w, https:\/\/moverdb.com\/wp-content\/uploads\/Servimex-international-moving-company-1024x479.png 1024w, https:\/\/moverdb.com\/wp-content\/uploads\/Servimex-international-moving-company-18x8.png 18w, https:\/\/moverdb.com\/wp-content\/uploads\/Servimex-international-moving-company-600x281.png 600w\" sizes=\"auto, (max-width: 1440px) 100vw, 1440px\" \/><\/p>\n<ul>\n<li>Helyi nemzeti k\u00f6lt\u00f6ztet\u00e9sek<\/li>\n<li>Nemzetk\u00f6zi k\u00f6lt\u00f6ztet\u00e9sek<\/li>\n<li>Lakoss\u00e1gi k\u00f6lt\u00f6ztet\u00e9s<\/li>\n<li>Irodai k\u00f6lt\u00f6ztet\u00e9s<\/li>\n<li>H\u00e1zhoz men\u0151 szolg\u00e1ltat\u00e1sok<\/li>\n<li>Csomagol\u00e1si szolg\u00e1ltat\u00e1s<\/li>\n<li>K\u00f6z\u00fati, tengeri \u00e9s l\u00e9gi sz\u00e1ll\u00edt\u00e1s<\/li>\n<li>V\u00e1mkezel\u00e9s<\/li>\n<li>Biztos\u00edt\u00e1s<\/li>\n<li>Rakt\u00e1roz\u00e1si lehet\u0151s\u00e9gek<\/li>\n<\/ul>\n<p>A Servimex egy <a href=\"https:\/\/moverdb.com\/hu\/moving-companies\/\" data-internallinksmanager029f6b8e52c=\"79\" title=\"Top 25 nemzetk\u00f6zi k\u00f6lt\u00f6ztet\u0151 c\u00e9gek online\">k\u00f6lt\u00f6ztet\u0151 c\u00e9g<\/a> amelyet 1979-ben alap\u00edtottak, \u00e9s amelynek sz\u00e9khelye Asuncionban van. Az IAM tagja 44 \u00e9ves szolg\u00e1lati id\u0151vel, \u00e9s a FIDI \u00e1ltal akkredit\u00e1lt, ami hozz\u00e1f\u00e9r\u00e9st biztos\u00edt sz\u00e1mukra a k\u00f6lt\u00f6ztet\u0151\u00fcgyn\u00f6k\u00f6k nemzetk\u00f6zi h\u00e1l\u00f3zat\u00e1hoz.<\/p>\n<p>A Servimex csomagol\u00e1si szolg\u00e1ltat\u00e1st ny\u00fajt h\u00e1ztart\u00e1si cikkek \u00e9s m\u0171t\u00e1rgyak sz\u00e1m\u00e1ra, amelyeket ipari csomagol\u00e1sba csomagolnak, hogy megv\u00e9dj\u00e9k \u0151ket a sz\u00e1ll\u00edt\u00e1s sor\u00e1n. Multimod\u00e1lis sz\u00e1ll\u00edt\u00e1si megold\u00e1sokat k\u00edn\u00e1lnak, bele\u00e9rtve a k\u00f6z\u00fati, tengeri \u00e9s l\u00e9gi sz\u00e1ll\u00edt\u00e1st kont\u00e9nerek haszn\u00e1lat\u00e1val, \u00e9s seg\u00edtenek az export- \u00e9s importv\u00e1mkezel\u00e9sben. K\u00f6lt\u00f6z\u00e9si szolg\u00e1ltat\u00e1sokat k\u00edn\u00e1lnak, bele\u00e9rtve a bev\u00e1ndorl\u00e1si, t\u00e1j\u00e9koz\u00f3d\u00e1si, leteleped\u00e9si seg\u00edts\u00e9gny\u00fajt\u00e1st, h\u00e1z- \u00e9s iskolakeres\u00e9st, valamint a t\u00e1voz\u00e1shoz ny\u00fajtott seg\u00edts\u00e9get.<\/p>\n<p>Weboldal: <a href=\"http:\/\/www.servimex.com.py\" target=\"_blank\" rel=\"noopener\">http:\/\/www.servimex.com.py<\/a><\/p>\n<h2><strong>2. Benkovics<\/strong><\/h2>\n<p><img loading=\"lazy\" decoding=\"async\" class=\"alignnone size-full wp-image-8766\" src=\"https:\/\/moverdb.com\/wp-content\/uploads\/Benkovics-international-moving-company.png\" alt=\"Benkovics nemzetk\u00f6zi k\u00f6lt\u00f6ztet\u0151 c\u00e9g\" width=\"1440\" height=\"679\" data-wp-pid=\"8766\" srcset=\"https:\/\/moverdb.com\/wp-content\/uploads\/Benkovics-international-moving-company.png 1440w, https:\/\/moverdb.com\/wp-content\/uploads\/Benkovics-international-moving-company-300x141.png 300w, https:\/\/moverdb.com\/wp-content\/uploads\/Benkovics-international-moving-company-1024x483.png 1024w, https:\/\/moverdb.com\/wp-content\/uploads\/Benkovics-international-moving-company-18x8.png 18w, https:\/\/moverdb.com\/wp-content\/uploads\/Benkovics-international-moving-company-600x283.png 600w\" sizes=\"auto, (max-width: 1440px) 100vw, 1440px\" \/><\/p>\n<ul>\n<li>Nemzeti k\u00f6lt\u00f6ztet\u00e9sek<\/li>\n<li>Nemzetk\u00f6zi k\u00f6lt\u00f6ztet\u00e9sek<\/li>\n<li>H\u00e1ztart\u00e1si k\u00f6lt\u00f6ztet\u00e9sek<\/li>\n<li>K\u00f6lt\u00f6z\u00e9s el\u0151tti felm\u00e9r\u00e9s<\/li>\n<li>K\u00f6lt\u00f6z\u00e9si \u00fatmutat\u00f3<\/li>\n<li>Csomagol\u00e1si szolg\u00e1ltat\u00e1s<\/li>\n<li>Sz\u00e1razf\u00f6ldi, l\u00e9gi \u00e9s tengeri sz\u00e1ll\u00edt\u00e1s<\/li>\n<li>Export v\u00e1mkezel\u00e9s<\/li>\n<li>Biztos\u00edt\u00e1s<\/li>\n<li>R\u00f6vid \u00e9s hossz\u00fa t\u00e1v\u00fa t\u00e1rol\u00e1s<\/li>\n<\/ul>\n<p>A Benkovics egy k\u00f6lt\u00f6ztet\u0151 c\u00e9g, amelynek sz\u00e9khelye Asuncionban van. Nemzetk\u00f6zi akkredit\u00e1lt k\u00f6lt\u00f6ztet\u0151 c\u00e9gekkel dolgoznak egy\u00fctt vil\u00e1gszerte, hogy szolg\u00e1ltat\u00e1saikat nemzetk\u00f6zi szinten ny\u00fajts\u00e1k. Az IAM tagjak\u00e9nt 64 \u00e9ves szolg\u00e1lati id\u0151vel rendelkeznek.<\/p>\n<p>A Benkovics k\u00f6lt\u00f6z\u00e9s el\u0151tti felm\u00e9r\u00e9st k\u00edn\u00e1l, hogy felm\u00e9rje a k\u00f6lt\u00f6z\u00e9si ig\u00e9nyeinek mennyis\u00e9g\u00e9t, \u00e9s becsl\u00e9st adjon \u00d6nnek. Csomagol\u00e1si szolg\u00e1ltat\u00e1st ny\u00fajtanak, amely a legjobb min\u0151s\u00e9g\u0171 csomagol\u00f3anyagokat haszn\u00e1lja, bele\u00e9rtve a fa v\u00e1zakat \u00e9s az er\u0151s dobozokat, hogy megv\u00e9dje a holmij\u00e1t. Logisztikai szak\u00e9rt\u0151ik megszervezik a k\u00f6z\u00fati, l\u00e9gi vagy tengeri sz\u00e1ll\u00edt\u00e1st, \u00e9s seg\u00edtenek a kiviteli v\u00e1mkezel\u00e9sben. \u00c9rkez\u00e9skor kicsomagolj\u00e1k \u00e9s elt\u00e1vol\u00edtj\u00e1k az \u00f6sszes hullad\u00e9kot.<\/p>\n<p>Weboldal: <a href=\"http:\/\/www.benkovics.com.py\" target=\"_blank\" rel=\"noopener\">http:\/\/www.benkovics.com.py<\/a><\/p>\n<h2><strong>3. Asuncion Vanpack<\/strong><\/h2>\n<p><img loading=\"lazy\" decoding=\"async\" class=\"alignnone size-full wp-image-8761\" src=\"https:\/\/moverdb.com\/wp-content\/uploads\/Asuncion-Vanpack-international-moving-company.png\" alt=\"Asuncion Vanpack nemzetk\u00f6zi k\u00f6lt\u00f6ztet\u0151 c\u00e9g\" width=\"1440\" height=\"677\" data-wp-pid=\"8761\" srcset=\"https:\/\/moverdb.com\/wp-content\/uploads\/Asuncion-Vanpack-international-moving-company.png 1440w, https:\/\/moverdb.com\/wp-content\/uploads\/Asuncion-Vanpack-international-moving-company-300x141.png 300w, https:\/\/moverdb.com\/wp-content\/uploads\/Asuncion-Vanpack-international-moving-company-1024x481.png 1024w, https:\/\/moverdb.com\/wp-content\/uploads\/Asuncion-Vanpack-international-moving-company-18x8.png 18w, https:\/\/moverdb.com\/wp-content\/uploads\/Asuncion-Vanpack-international-moving-company-600x282.png 600w\" sizes=\"auto, (max-width: 1440px) 100vw, 1440px\" \/><\/p>\n<ul>\n<li>Nemzeti l\u00e9p\u00e9sek<\/li>\n<li>Nemzetk\u00f6zi k\u00f6lt\u00f6z\u00e9sek<\/li>\n<li>H\u00e1ztart\u00e1si k\u00f6lt\u00f6z\u00e9sek<\/li>\n<li>H\u00e1zon bel\u00fcli felm\u00e9r\u00e9s<\/li>\n<li>Csomagol\u00e1si szolg\u00e1ltat\u00e1s<\/li>\n<li>Speci\u00e1lis csomagol\u00e1s<\/li>\n<li>A sz\u00e1ll\u00edt\u00e1s megszervez\u00e9se<\/li>\n<li>Biztos\u00edt\u00e1s<\/li>\n<li>F\u00e1jlkezel\u00e9s<\/li>\n<li>Rakt\u00e1roz\u00e1si lehet\u0151s\u00e9gek<\/li>\n<\/ul>\n<p>Az Asuncion Vanpack egy t\u00f6bb mint 30 \u00e9ves tapasztalattal rendelkez\u0151 sz\u00e1ll\u00edt\u00e1si \u00e9s logisztikai v\u00e1llalat, amelynek sz\u00e9khelye Asuncionban tal\u00e1lhat\u00f3. Az IAM tagja 35 \u00e9ves szolg\u00e1lati id\u0151vel, ami hozz\u00e1f\u00e9r\u00e9st biztos\u00edt sz\u00e1mukra a k\u00f6lt\u00f6ztet\u0151 \u00fcgyn\u00f6k\u00f6k nemzetk\u00f6zi h\u00e1l\u00f3zat\u00e1hoz, hogy Paraguayon k\u00edv\u00fcl is t\u00e1mogathass\u00e1k \u0151ket.<\/p>\n<p>Az Asuncion Vanpack felm\u00e9r\u00e9st v\u00e9gez az \u00d6n k\u00f6lt\u00f6z\u00e9s\u00e9nek volumen\u00e9nek meg\u00e1llap\u00edt\u00e1sa \u00e9rdek\u00e9ben, hogy a legjobb lehet\u0151s\u00e9geket aj\u00e1nlhassa az \u00d6n k\u00f6lt\u00f6z\u00e9s\u00e9re, \u00e9s \u00f6ssze\u00e1ll\u00edthassa az \u00e1raj\u00e1nlatot. Csomagol\u00e1si szolg\u00e1ltat\u00e1st k\u00edn\u00e1lnak, amely a legjobb csomagol\u00f3anyagokat biztos\u00edtja, hogy megv\u00e9dje t\u00e1rgyait a sz\u00e1ll\u00edt\u00e1s sor\u00e1n, \u00e9s minden egyes t\u00e1rgyhoz egyedi csomagol\u00e1si tervez\u00e9st alkalmaznak, \u00e9s a speci\u00e1lis ig\u00e9nyekhez asztalosm\u0171helyekkel rendelkeznek.<\/p>\n<p>Weboldal: <a href=\"http:\/\/www.asuncionvanpack.com\" target=\"_blank\" rel=\"noopener\">http:\/\/www.asuncionvanpack.com<\/a><\/p>","protected":false},"excerpt":{"rendered":"<p>Are you planning a move within, to or from Paraguay? If you need help with packing and organising your move especially if you are moving countries and need to complete import\/export paperwork. Below we have compiled a list of Paraguay based removal companies that are members of the International Association of Movers (IAM) and\/or FIDI [&hellip;]<\/p>\n","protected":false},"author":4,"featured_media":0,"parent":190,"menu_order":0,"comment_status":"closed","ping_status":"closed","template":"","meta":{"_genesis_hide_title":false,"_genesis_hide_breadcrumbs":false,"_genesis_hide_singular_image":false,"_genesis_hide_footer_widgets":false,"_genesis_custom_body_class":"","_genesis_custom_post_class":"","_genesis_layout":"","footnotes":""},"class_list":{"0":"post-8906","1":"page","2":"type-page","3":"status-publish","5":"entry","6":"has-post-thumbnail"},"_links":{"self":[{"href":"https:\/\/moverdb.com\/hu\/wp-json\/wp\/v2\/pages\/8906","targetHints":{"allow":["GET"]}}],"collection":[{"href":"https:\/\/moverdb.com\/hu\/wp-json\/wp\/v2\/pages"}],"about":[{"href":"https:\/\/moverdb.com\/hu\/wp-json\/wp\/v2\/types\/page"}],"author":[{"embeddable":true,"href":"https:\/\/moverdb.com\/hu\/wp-json\/wp\/v2\/users\/4"}],"replies":[{"embeddable":true,"href":"https:\/\/moverdb.com\/hu\/wp-json\/wp\/v2\/comments?post=8906"}],"version-history":[{"count":1,"href":"https:\/\/moverdb.com\/hu\/wp-json\/wp\/v2\/pages\/8906\/revisions"}],"predecessor-version":[{"id":8907,"href":"https:\/\/moverdb.com\/hu\/wp-json\/wp\/v2\/pages\/8906\/revisions\/8907"}],"up":[{"embeddable":true,"href":"https:\/\/moverdb.com\/hu\/wp-json\/wp\/v2\/pages\/190"}],"wp:attachment":[{"href":"https:\/\/moverdb.com\/hu\/wp-json\/wp\/v2\/media?parent=8906"}],"curies":[{"name":"wp","href":"https:\/\/api.w.org\/{rel}","templated":true}]}}

3 legjobb nemzetközi költöztető cégek Paraguayban

<p>Paraguayban, Paraguayba vagy Paraguayból tervez költözést? Ha segítségre van szüksége a csomagolásban és a költözés megszervezésében, különösen, ha országot vált, és import/export papírokat kell kitöltenie. Az alábbiakban összeállítottunk egy listát a paraguayi székhelyű <a href="https://moverdb.com/hu/international-removals/" data-internallinksmanager029f6b8e52c="27" title="36 legjobb nemzetközi költöztető cégek az Egyesült Királyságban">költöztető cégek</a> amelyek tagjai a <a href="https://moverdb.com/hu/iam/" data-internallinksmanager029f6b8e52c="23" title="A Költöztetők Nemzetközi Szövetsége (IAM) magyarázata">Költöztetők Nemzetközi Szövetsége</a> (IAM) és/vagy <a href="https://moverdb.com/hu/fidi-faim/" data-internallinksmanager029f6b8e52c="16" title="FIDI &amp; FAIM (FIDI akkreditált nemzetközi fuvarozó) magyarázata">FIDI</a> Akkreditált nemzetközi költöztető (FAIM), aki segíthet Önnek a költözésben.</p>
<h2><strong>1. Servimex</strong></h2>
<p><img loading="lazy" decoding="async" class="alignnone size-full wp-image-8856" src="https://moverdb.com/wp-content/uploads/Servimex-international-moving-company.png" alt="Servimex nemzetközi költöztető cég" width="1440" height="674" data-wp-pid="8856" srcset="https://moverdb.com/wp-content/uploads/Servimex-international-moving-company.png 1440w, https://moverdb.com/wp-content/uploads/Servimex-international-moving-company-300x140.png 300w, https://moverdb.com/wp-content/uploads/Servimex-international-moving-company-1024x479.png 1024w, https://moverdb.com/wp-content/uploads/Servimex-international-moving-company-18x8.png 18w, https://moverdb.com/wp-content/uploads/Servimex-international-moving-company-600x281.png 600w" sizes="auto, (max-width: 1440px) 100vw, 1440px" /></p>
<ul>
<li>Helyi nemzeti költöztetések</li>
<li>Nemzetközi költöztetések</li>
<li>Lakossági költöztetés</li>
<li>Irodai költöztetés</li>
<li>Házhoz menő szolgáltatások</li>
<li>Csomagolási szolgáltatás</li>
<li>Közúti, tengeri és légi szállítás</li>
<li>Vámkezelés</li>
<li>Biztosítás</li>
<li>Raktározási lehetőségek</li>
</ul>
<p>A Servimex egy <a href="https://moverdb.com/hu/moving-companies/" data-internallinksmanager029f6b8e52c="79" title="Top 25 nemzetközi költöztető cégek online">költöztető cég</a> amelyet 1979-ben alapítottak, és amelynek székhelye Asuncionban van. Az IAM tagja 44 éves szolgálati idővel, és a FIDI által akkreditált, ami hozzáférést biztosít számukra a költöztetőügynökök nemzetközi hálózatához.</p>
<p>A Servimex csomagolási szolgáltatást nyújt háztartási cikkek és műtárgyak számára, amelyeket ipari csomagolásba csomagolnak, hogy megvédjék őket a szállítás során. Multimodális szállítási megoldásokat kínálnak, beleértve a közúti, tengeri és légi szállítást konténerek használatával, és segítenek az export- és importvámkezelésben. Költözési szolgáltatásokat kínálnak, beleértve a bevándorlási, tájékozódási, letelepedési segítségnyújtást, ház- és iskolakeresést, valamint a távozáshoz nyújtott segítséget.</p>
<p>Weboldal: <a href="http://www.servimex.com.py" target="_blank" rel="noopener">http://www.servimex.com.py</a></p>
<h2><strong>2. Benkovics</strong></h2>
<p><img loading="lazy" decoding="async" class="alignnone size-full wp-image-8766" src="https://moverdb.com/wp-content/uploads/Benkovics-international-moving-company.png" alt="Benkovics nemzetközi költöztető cég" width="1440" height="679" data-wp-pid="8766" srcset="https://moverdb.com/wp-content/uploads/Benkovics-international-moving-company.png 1440w, https://moverdb.com/wp-content/uploads/Benkovics-international-moving-company-300x141.png 300w, https://moverdb.com/wp-content/uploads/Benkovics-international-moving-company-1024x483.png 1024w, https://moverdb.com/wp-content/uploads/Benkovics-international-moving-company-18x8.png 18w, https://moverdb.com/wp-content/uploads/Benkovics-international-moving-company-600x283.png 600w" sizes="auto, (max-width: 1440px) 100vw, 1440px" /></p>
<ul>
<li>Nemzeti költöztetések</li>
<li>Nemzetközi költöztetések</li>
<li>Háztartási költöztetések</li>
<li>Költözés előtti felmérés</li>
<li>Költözési útmutató</li>
<li>Csomagolási szolgáltatás</li>
<li>Szárazföldi, légi és tengeri szállítás</li>
<li>Export vámkezelés</li>
<li>Biztosítás</li>
<li>Rövid és hosszú távú tárolás</li>
</ul>
<p>A Benkovics egy költöztető cég, amelynek székhelye Asuncionban van. Nemzetközi akkreditált költöztető cégekkel dolgoznak együtt világszerte, hogy szolgáltatásaikat nemzetközi szinten nyújtsák. Az IAM tagjaként 64 éves szolgálati idővel rendelkeznek.</p>
<p>A Benkovics költözés előtti felmérést kínál, hogy felmérje a költözési igényeinek mennyiségét, és becslést adjon Önnek. Csomagolási szolgáltatást nyújtanak, amely a legjobb minőségű csomagolóanyagokat használja, beleértve a fa vázakat és az erős dobozokat, hogy megvédje a holmiját. Logisztikai szakértőik megszervezik a közúti, légi vagy tengeri szállítást, és segítenek a kiviteli vámkezelésben. Érkezéskor kicsomagolják és eltávolítják az összes hulladékot.</p>
<p>Weboldal: <a href="http://www.benkovics.com.py" target="_blank" rel="noopener">http://www.benkovics.com.py</a></p>
<h2><strong>3. Asuncion Vanpack</strong></h2>
<p><img loading="lazy" decoding="async" class="alignnone size-full wp-image-8761" src="https://moverdb.com/wp-content/uploads/Asuncion-Vanpack-international-moving-company.png" alt="Asuncion Vanpack nemzetközi költöztető cég" width="1440" height="677" data-wp-pid="8761" srcset="https://moverdb.com/wp-content/uploads/Asuncion-Vanpack-international-moving-company.png 1440w, https://moverdb.com/wp-content/uploads/Asuncion-Vanpack-international-moving-company-300x141.png 300w, https://moverdb.com/wp-content/uploads/Asuncion-Vanpack-international-moving-company-1024x481.png 1024w, https://moverdb.com/wp-content/uploads/Asuncion-Vanpack-international-moving-company-18x8.png 18w, https://moverdb.com/wp-content/uploads/Asuncion-Vanpack-international-moving-company-600x282.png 600w" sizes="auto, (max-width: 1440px) 100vw, 1440px" /></p>
<ul>
<li>Nemzeti lépések</li>
<li>Nemzetközi költözések</li>
<li>Háztartási költözések</li>
<li>Házon belüli felmérés</li>
<li>Csomagolási szolgáltatás</li>
<li>Speciális csomagolás</li>
<li>A szállítás megszervezése</li>
<li>Biztosítás</li>
<li>Fájlkezelés</li>
<li>Raktározási lehetőségek</li>
</ul>
<p>Az Asuncion Vanpack egy több mint 30 éves tapasztalattal rendelkező szállítási és logisztikai vállalat, amelynek székhelye Asuncionban található. Az IAM tagja 35 éves szolgálati idővel, ami hozzáférést biztosít számukra a költöztető ügynökök nemzetközi hálózatához, hogy Paraguayon kívül is támogathassák őket.</p>
<p>Az Asuncion Vanpack felmérést végez az Ön költözésének volumenének megállapítása érdekében, hogy a legjobb lehetőségeket ajánlhassa az Ön költözésére, és összeállíthassa az árajánlatot. Csomagolási szolgáltatást kínálnak, amely a legjobb csomagolóanyagokat biztosítja, hogy megvédje tárgyait a szállítás során, és minden egyes tárgyhoz egyedi csomagolási tervezést alkalmaznak, és a speciális igényekhez asztalosműhelyekkel rendelkeznek.</p>
<p>Weboldal: <a href="http://www.asuncionvanpack.com" target="_blank" rel="noopener">http://www.asuncionvanpack.com</a></p>
